0
What is the units digit of 120978?
8
What is the tens digit of 2039?
3
What is the thousands digit of 4128?
4
What is the tens digit of 7375?
7
What is the units digit of 87273?
3
What is the hundreds digit of 5441?
4
What is the hundreds digit of 22648?
6
What is the units digit of 13676?
6
What is the hundreds digit of 970?
9
What is the units digit of 10254?
4
What is the thousands digit of 7466?
7
What is the ten thousands digit of 107188?
0
What is the units digit of 1941?
1
What is the tens digit of 1274?
7
What is the units digit of 9100?
0
What is the thousands digit of 83787?
3
What is the hundreds digit of 2826?
8
What is the ten thousands digit of 21713?
2
What is the hundreds digit of 837?
8
What is the tens digit of 3088?
8
What is the units digit of 19884?
4
What is the units digit of 3545?
5
What is the hundreds digit of 101135?
1
What is the hundreds digit of 353?
3
What is the thousands digit of 2771?
2
What is the tens digit of 253?
5
What is the hundreds digit of 37298?
2
What is the hundreds digit of 606?
6
What is the ten thousands digit of 17809?
1
What is the units digit of 1947?
7
What is the tens digit of 15392?
9
What is the hundreds digit of 578?
5
What is the thousands digit of 21264?
1
What is the hundreds digit of 2138?
1
What is the hundreds digit of 853?
8
What is the thousands digit of 1334?
1
What is the thousands digit of 2235?
2
What is the tens digit of 7352?
5
What is the units digit of 955?
5
What is the hundreds digit of 93124?
1
What is the thousands digit of 2710?
2
What is the hundreds digit of 5008?
0
What is the tens digit of 818?
1
What is the hundreds digit of 1283?
2
What is the thousands digit of 12237?
2
What is the thousands digit of 4606?
4
What is the hundreds digit of 76446?
4
What is the tens digit of 404?
0
What is the ten thousands digit of 21772?
2
What is the tens digit of 31999?
9
What is the hundreds digit of 6953?
9
What is the units digit of 1116?
6
What is the tens digit of 87413?
1
What is the thousands digit of 13114?
3
What is the tens digit of 20904?
0
What is the hundreds digit of 186298?
2
What is the hundreds digit of 1264?
2
What is the units digit of 1457?
7
What is the thousands digit of 24181?
4
What is the units digit of 12424?
4
What is the thousands digit of 17988?
7
What is the thousands digit of 21540?
1
What is the thousands digit of 23550?
3
What is the units digit of 23384?
4
What is the ten thousands digit of 25855?
2
What is the hundreds digit of 9129?
1
What is the thousands digit of 61880?
1
What is the tens digit of 26?
2
What is the hundreds digit of 3793?
7
What is the ten thousands digit of 43304?
4
What is the thousands digit of 2012?
2
What is the hundred thousands digit of 101358?
1
What is the thousands digit of 55735?
5
What is the tens digit of 112211?
1
What is the units digit of 1676?
6
What is the ten thousands digit of 21285?
2
What is the thousands digit of 10633?
0
What is the tens digit of 14719?
1
What is the tens digit of 4571?
7
What is the tens digit of 1768?
6
What is the thousands digit of 27559?
7
What is the tens digit of 22272?
7
What is the units digit of 170285?
5
What is the hundreds digit of 95667?
6
What is the units digit of 2?
2
What is the hundreds digit of 27468?
4
What is the units digit of 4664?
4
What is the tens digit of 3886?
8
What is the thousands digit of 35217?
5
What is the tens digit of 64982?
8
What is the units digit of 30560?
0
What is the tens digit of 674?
7
What is the tens digit of 2428?
2
What is the tens digit of 13782?
8
What is the units digit of 135650?
0
What is the hundreds digit of 7072?
0
What is the hundreds digit of 22301?
3
What is the thousands digit of 2069?
2
What is the thousands digit of 77587?
7
What is the units digit of 11734?
4
What is the tens digit of 128?
2
What is the tens digit of 1232?
3
What is the hundreds digit of 1352?
3
What is the tens digit of 17317?
1
What is the thousands digit of 2058?
2
What is the ten thousands digit of 32808?
3
What is the hundreds digit of 21999?
9
What is the hundreds digit of 3880?
8
What is the ten thousands digit of 52642?
5
What is the thousands digit of 3029?
3
What is the thousands digit of 1943?
1
What is the thousands digit of 22258?
2
What is the units digit of 5562?
2
What is the hundreds digit of 130?
1
What is the tens digit of 140?
4
What is the thousands digit of 3246?
3
What is the tens digit of 1777?
7
What is the tens digit of 6316?
1
What is the tens digit of 8855?
5
What is the units digit of 3135?
5
What is the hundreds digit of 225?
2
What is the hundreds digit of 17479?
4
What is the hundreds digit of 375?
3
What is the thousands digit of 6272?
6
What is the ten thousands digit of 15789?
1
What is the tens digit of 26846?
4
What is the thousands digit of 33489?
3
What is the thousands digit of 9491?
9
What is the units digit of 1443?
3
What is the thousands digit of 2224?
2
What is the tens digit of 17216?
1
What is the tens digit of 97?
9
What is the hundreds digit of 2101?
1
What is the ten thousands digit of 29326?
2
What is the thousands digit of 19835?
9
What is the hundreds digit of 57010?
0
What is the thousands digit of 45230?
5
What is the thousands digit of 2652?
2
What is the tens digit of 27794?
9
What is the tens digit of 2547?
4
What is the units digit of 645?
5
What is the units digit of 68741?
1
What is the thousands digit of 6532?
6
What is the units digit of 4699?
9
What is the units digit of 31412?
2
What is the units digit of 1165?
5
What is the thousands digit of 24765?
4
What is the units digit of 23687?
7
What is the ten thousands digit of 89432?
8
What is the thousands digit of 4531?
4
What is the hundreds digit of 15783?
7
What is the units digit of 1959?
9
What is the thousands digit of 25281?
5
What is the hundred thousands digit of 101162?
1
What is the tens digit of 58707?
0
What is the hundreds digit of 124836?
8
What is the thousands digit of 54439?
4
What is the tens digit of 2691?
9
What is the tens digit of 405?
0
What is the tens digit of 22?
2
What is the thousands digit of 79079?
9
What is the tens digit of 163?
6
What is the hundreds digit of 37638?
6
What is the hundreds digit of 85498?
4
What is the hundreds digit of 1360?
3
What is the hundreds digit of 8960?
9
What is the hundreds digit of 4441?
4
What is the thousands digit of 2079?
2
What is the hundreds digit of 969?
9
What is the hundreds digit of 26564?
5
What is the units digit of 1179?
9
What is the hundreds digit of 43141?
1
What is the tens digit of 2710?
1
What is the thousands digit of 7616?
7
What is the units digit of 49922?
2
What is the hundreds digit of 27618?
6
What is the hundreds digit of 34455?
4
What is the tens digit of 1435?
3
What is the tens digit of 3180?
8
What is the units digit of 1695?
5
What is the tens digit of 2290?
9
What is the tens digit of 2093?
9
What is the units digit of 960?
0
What is the hundreds digit of 128896?
8
What is the thousands digit of 5300?
5
What is the thousands digit of 9297?
9
What is the thousands digit of 12779?
2
What is the units digit of 444?
4
What is the units digit of 586?
6
What is the units digit of 15036?
6
What is the tens digit of 972?
7
What is the hundreds digit of 9938?
9
What is the thousands digit of 10475?
0
What is the ten thousands digit of 18529?
1
What is the units digit of 833?
3
What is the hundreds digit of 19848?
8
What is the units digit of 3355?
5
What is the tens digit of 7706?
0
What is the hundreds digit of 177?
1
What is the thousands digit of 1656?
1
What is the ten thousands digit of 35037?
3
What is the tens digit of 3819?
1
What is the tens digit of 597?
9
What is the thousands digit of 33479?
3
What is the units digit of 2135?
5
What is the ten thousands digit of 15644?
1
What is the hundreds digit of 22610?
6
What is the tens digit of 65227?
2
What is the units digit of 2476?
6
What is the tens digit of 14890?
9
What is the tens digit of 510?
1
What is the thousands digit of 3106?
3
What is the hundreds digit of 29581?
5
What is the thousands digit of 6654?
6
What is the units digit of 96369?
9
What is the units digit of 2916?
6
What is the units digit of 20621?
1
What is the tens digit of 1315?
1
What is the hundreds digit of 628?
6
